{"id":2,"date":"2016-05-10T03:48:21","date_gmt":"2016-05-10T03:48:21","guid":{"rendered":"http:\/\/ferienhaus.tsg-augsburg.de\/?page_id=2"},"modified":"2023-05-02T17:11:57","modified_gmt":"2023-05-02T17:11:57","slug":"sample-page","status":"publish","type":"page","link":"http:\/\/ferienhaus.tsg-augsburg.de\/","title":{"rendered":"Verf\u00fcgbarkeit pr\u00fcfen"},"content":{"rendered":"<div class=\"wp-block-image\">\n<figure class=\"aligncenter size-large\"><img fetchpriority=\"high\" decoding=\"async\" width=\"1024\" height=\"640\" src=\"http:\/\/ferienhaus.tsg-augsburg.de\/wp-content\/uploads\/2022\/10\/ipiccy_image-1-1024x640.png\" alt=\"\" class=\"wp-image-314\" srcset=\"http:\/\/ferienhaus.tsg-augsburg.de\/wp-content\/uploads\/2022\/10\/ipiccy_image-1-1024x640.png 1024w, http:\/\/ferienhaus.tsg-augsburg.de\/wp-content\/uploads\/2022\/10\/ipiccy_image-1-300x188.png 300w, http:\/\/ferienhaus.tsg-augsburg.de\/wp-content\/uploads\/2022\/10\/ipiccy_image-1-768x480.png 768w, http:\/\/ferienhaus.tsg-augsburg.de\/wp-content\/uploads\/2022\/10\/ipiccy_image-1-1536x960.png 1536w, http:\/\/ferienhaus.tsg-augsburg.de\/wp-content\/uploads\/2022\/10\/ipiccy_image-1-1140x713.png 1140w, http:\/\/ferienhaus.tsg-augsburg.de\/wp-content\/uploads\/2022\/10\/ipiccy_image-1.png 1920w\" sizes=\"(max-width: 1024px) 100vw, 1024px\" \/><\/figure><\/div>\n\n\n<p>F\u00fcr Familienurlaub oder Urlaub mit Freunden bieten wir Ihnen 27 \u00dcbernachtungsm\u00f6glichkeiten in unserem Ferienhaus in Unterjoch, einem Ortsteil von Bad Hindelang. Das Ferienhaus ist ein&nbsp;Selbstversorger- und Gruppenhaus. Es steht sowohl Mitgliedern, als auch Nichtmitgliedern zur Verf\u00fcgung.<\/p>\n\n\n\n<p>F\u00fcr Terminabsprachen steht Ihnen unsere Gesch\u00e4ftsstelle zur Verf\u00fcgung.<\/p>\n\n\n\t\t<script>\r\n\t\t\tvar wpdevartBooking1 = {\r\n\t\t\t\tbooking_id : 1,\r\n\t\t\t\thours_enabled : 0,\r\n\t\t\t\tbooking_widget : 0,\r\n\t\t\t\tshow_day_info_on_hover : 1,\r\n\t\t\t\tcal_animation_type : \"\",\r\n\t\t\t\tbooking_widget : 0,\r\n\t\t\t\ttotal : \"Total\",\r\n\t\t\t\tprice : \"Preis\",\r\n\t\t\t\toffset : 0,\r\n\t\t\t\tposition : \"after\",\r\n\t\t\t\tnight : 0,\r\n\t\t\t\tid : 2,\r\n\t\t\t\tcapcha_error : \"Was not verified by recaptcha\",\r\n\t\t\t\tconditions : '{\"count\":[\"\"],\"type\":[\"percent\"],\"percent\":[\"\"]}',\r\n\t\t\t\thours_conditions : '{\"count\":[\"\"],\"type\":[\"percent\"],\"percent\":[\"\"]}',\r\n\t\t\t\thide_price : 1,\r\n\t\t\t\tmax_item : \"27\",\r\n\t\t\t\tmin_item : \"\",\r\n\t\t\t\terror_days : \"There are no services available for the period you selected.\",\r\n\t\t\t\terror_night : \"You must select at least two days\",\r\n\t\t\t\tmin : \"1\",\r\n\t\t\t\tmax : \"1000\",\r\n\t\t\t\tmin_hour : \"1\",\r\n\t\t\t\tmax_hour : \"1000\",\r\n\t\t\t\terror_min_day : \"You must select at least 1 days\",\r\n\t\t\t\terror_max_day : \"You must select lower than 1000 days\",\r\n\t\t\t\terror_min_hour : \"You must select at least 1 hours\",\r\n\t\t\t\terror_max_hour : \"You must select lower than 1000 hours\",\r\n\t\t\t\terror_day : \"There are no services available for this day.\"\r\n\t\t\t};\r\n\t\t<\/script>\r\n\t\t<style><\/style><div id='booking_calendar_main_container_1' class='booking_calendar_main_container show_day_info_on_hover form_below' data-total='Total' data-price='Preis' data-offset='0' data-position='after' data-night='0' data-id='2' data-booking_id='1'><div class='booking_calendar_container' id='booking_calendar_container_1'><div class='wpdevart-load-overlay'><div class='wpdevart-load-image'><i class='fa fa-spinner fa-spin'><\/i><\/div><\/div><div class='error_text_container div-for-clear'><span class='error_text'><\/span><span class='notice_text_close'><i class='fa fa-close'><\/i><\/span><\/div><div class='booking_calendar_main'><div class=\"wpda-booking-calendar-head \"><div class=\"wpda-previous\"><a href=\"?date=2026-03-01\" rel=\"nofollow, noindex\" class=\"wpdevart_link\"><span><<\/span><span class=\"wpda-month-name\"> Mar <\/span><\/a><\/div><div class=\"current-date-info\"><a href=\"?date=2025-04\" rel=\"nofollow, noindex\" class=\"wpdevart_link prev_year_info\"><<\/a><span class=\"wpda-current-year\">2026<\/span><a href=\"?date=2027-04-01\" rel=\"nofollow, noindex\" class=\"wpdevart_link next_year_info\">><\/a>&nbsp;<span class=\"wpda-current-month\">April<\/span><\/div><div class=\"wpda-next\"><a href=\"?date=2026-05-01\" rel=\"nofollow, noindex\" class=\"wpdevart_link\"><span class=\"wpda-month-name\"> May <\/span><span>><\/span><\/a><\/div><\/div><div class=\"wpdevart-calendar-container div-for-clear\"><div data-date=\"\" data-dateformat=\"01.01.1970\" data-currency=\"&#8364;\"  class=\"week-day-name week-start\"><div class=\"wpda-day-header\"><div class=\"div-for-clear\"><div class=\"wpda-day-number\"><span class=\"week-day-mobile\">Mon<\/span><span class=\"week-day-screen\">Monday<\/span><\/div><\/div><\/div><\/div><div data-date=\"\" data-dateformat=\"01.01.1970\" data-currency=\"&#8364;\"  class=\"week-day-name\"><div class=\"wpda-day-header\"><div class=\"div-for-clear\"><div class=\"wpda-day-number\"><span class=\"week-day-mobile\">Tue<\/span><span class=\"week-day-screen\">Tuesday<\/span><\/div><\/div><\/div><\/div><div data-date=\"\" data-dateformat=\"01.01.1970\" data-currency=\"&#8364;\"  class=\"week-day-name\"><div class=\"wpda-day-header\"><div class=\"div-for-clear\"><div class=\"wpda-day-number\"><span class=\"week-day-mobile\">Wed<\/span><span class=\"week-day-screen\">Wednesday<\/span><\/div><\/div><\/div><\/div><div data-date=\"\" data-dateformat=\"01.01.1970\" data-currency=\"&#8364;\"  class=\"week-day-name\"><div class=\"wpda-day-header\"><div class=\"div-for-clear\"><div class=\"wpda-day-number\"><span class=\"week-day-mobile\">Thu<\/span><span class=\"week-day-screen\">Thursday<\/span><\/div><\/div><\/div><\/div><div data-date=\"\" data-dateformat=\"01.01.1970\" data-currency=\"&#8364;\"  class=\"week-day-name\"><div class=\"wpda-day-header\"><div class=\"div-for-clear\"><div class=\"wpda-day-number\"><span class=\"week-day-mobile\">Fri<\/span><span class=\"week-day-screen\">Friday<\/span><\/div><\/div><\/div><\/div><div data-date=\"\" data-dateformat=\"01.01.1970\" data-currency=\"&#8364;\"  class=\"week-day-name\"><div class=\"wpda-day-header\"><div class=\"div-for-clear\"><div class=\"wpda-day-number\"><span class=\"week-day-mobile\">Sat<\/span><span class=\"week-day-screen\">Saturday<\/span><\/div><\/div><\/div><\/div><div data-date=\"\" data-dateformat=\"01.01.1970\" data-currency=\"&#8364;\"  class=\"week-day-name\"><div class=\"wpda-day-header\"><div class=\"div-for-clear\"><div class=\"wpda-day-number\"><span class=\"week-day-mobile\">Sun<\/span><span class=\"week-day-screen\">Sunday<\/span><\/div><\/div><\/div><\/div><div data-date=\"2026-03-30\" data-dateformat=\"30.03.2026\" data-currency=\"&#8364;\"  data-available=\"3\" class=\"past-month-day wpdevart-day wpdevart-available past-day available-day\"><div class=\"wpda-day-header\"><div class=\"div-for-clear\"><div class=\"wpda-day-number\">Mar 30<\/div><\/div><\/div><div class=\"day-availability\">3 <span class=\"day-av\">Verf\u00fcgbar<\/span><\/div><\/div><div data-date=\"2026-03-31\" data-dateformat=\"31.03.2026\" data-currency=\"&#8364;\"  data-available=\"3\" class=\"past-month-day wpdevart-day wpdevart-available past-day available-day\"><div class=\"wpda-day-header\"><div class=\"div-for-clear\"><div class=\"wpda-day-number\">Mar 31<\/div><\/div><\/div><div class=\"day-availability\">3 <span class=\"day-av\">Verf\u00fcgbar<\/span><\/div><\/div><div data-date=\"2026-04-01\" data-dateformat=\"01.04.2026\" data-currency=\"&#8364;\"  class=\"current-month-day wpdevart-day past-day available-day\"><div class=\"wpda-day-header\"><div class=\"div-for-clear\"><div class=\"wpda-day-number\">1<\/div><\/div><\/div><\/div><div data-date=\"2026-04-02\" data-dateformat=\"02.04.2026\" data-currency=\"&#8364;\"  data-available=\"10\" class=\"current-month-day wpdevart-day wpdevart-available past-day available-day\"><div class=\"wpda-day-header\"><div class=\"div-for-clear\"><div class=\"wpda-day-number\">2<\/div><\/div><\/div><div class=\"day-availability\">10 <span class=\"day-av\">Verf\u00fcgbar<\/span><\/div><\/div><div data-date=\"2026-04-03\" data-dateformat=\"03.04.2026\" data-currency=\"&#8364;\"  data-available=\"10\" class=\"current-month-day wpdevart-day wpdevart-available past-day available-day\"><div class=\"wpda-day-header\"><div class=\"div-for-clear\"><div class=\"wpda-day-number\">3<\/div><\/div><\/div><div class=\"day-availability\">10 <span class=\"day-av\">Verf\u00fcgbar<\/span><\/div><\/div><div data-date=\"2026-04-04\" data-dateformat=\"04.04.2026\" data-currency=\"&#8364;\"  data-available=\"10\" class=\"current-month-day wpdevart-day wpdevart-available current-day weekend available-day\"><div class=\"wpda-day-header\"><div class=\"div-for-clear\"><div class=\"wpda-day-number\">4<\/div><\/div><\/div><div class=\"day-availability\">10 <span class=\"day-av\">Verf\u00fcgbar<\/span><\/div><\/div><div data-date=\"2026-04-05\" data-dateformat=\"05.04.2026\" data-currency=\"&#8364;\"  data-available=\"10\" class=\"current-month-day wpdevart-day wpdevart-available weekend available-day\"><div class=\"wpda-day-header\"><div class=\"div-for-clear\"><div class=\"wpda-day-number\">5<\/div><\/div><\/div><div class=\"day-availability\">10 <span class=\"day-av\">Verf\u00fcgbar<\/span><\/div><\/div><div data-date=\"2026-04-06\" data-dateformat=\"06.04.2026\" data-currency=\"&#8364;\"  data-available=\"17\" class=\"current-month-day wpdevart-day wpdevart-available available-day\"><div class=\"wpda-day-header\"><div class=\"div-for-clear\"><div class=\"wpda-day-number\">6<\/div><\/div><\/div><div class=\"day-availability\">17 <span class=\"day-av\">Verf\u00fcgbar<\/span><\/div><\/div><div data-date=\"2026-04-07\" data-dateformat=\"07.04.2026\" data-currency=\"&#8364;\"  data-available=\"17\" class=\"current-month-day wpdevart-day wpdevart-available available-day\"><div class=\"wpda-day-header\"><div class=\"div-for-clear\"><div class=\"wpda-day-number\">7<\/div><\/div><\/div><div class=\"day-availability\">17 <span class=\"day-av\">Verf\u00fcgbar<\/span><\/div><\/div><div data-date=\"2026-04-08\" data-dateformat=\"08.04.2026\" data-currency=\"&#8364;\"  data-available=\"17\" class=\"current-month-day wpdevart-day wpdevart-available available-day\"><div class=\"wpda-day-header\"><div class=\"div-for-clear\"><div class=\"wpda-day-number\">8<\/div><\/div><\/div><div class=\"day-availability\">17 <span class=\"day-av\">Verf\u00fcgbar<\/span><\/div><\/div><div data-date=\"2026-04-09\" data-dateformat=\"09.04.2026\" data-currency=\"&#8364;\"  class=\"current-month-day wpdevart-day available-day\"><div class=\"wpda-day-header\"><div class=\"div-for-clear\"><div class=\"wpda-day-number\">9<\/div><\/div><\/div><\/div><div data-date=\"2026-04-10\" data-dateformat=\"10.04.2026\" data-currency=\"&#8364;\"  class=\"current-month-day wpdevart-day available-day\"><div class=\"wpda-day-header\"><div class=\"div-for-clear\"><div class=\"wpda-day-number\">10<\/div><\/div><\/div><\/div><div data-date=\"2026-04-11\" data-dateformat=\"11.04.2026\" data-currency=\"&#8364;\"  class=\"current-month-day wpdevart-day weekend available-day\"><div class=\"wpda-day-header\"><div class=\"div-for-clear\"><div class=\"wpda-day-number\">11<\/div><\/div><\/div><\/div><div data-date=\"2026-04-12\" data-dateformat=\"12.04.2026\" data-currency=\"&#8364;\"  class=\"current-month-day wpdevart-day weekend available-day\"><div class=\"wpda-day-header\"><div class=\"div-for-clear\"><div class=\"wpda-day-number\">12<\/div><\/div><\/div><\/div><div data-date=\"2026-04-13\" data-dateformat=\"13.04.2026\" data-currency=\"&#8364;\"  class=\"current-month-day wpdevart-day available-day\"><div class=\"wpda-day-header\"><div class=\"div-for-clear\"><div class=\"wpda-day-number\">13<\/div><\/div><\/div><\/div><div data-date=\"2026-04-14\" data-dateformat=\"14.04.2026\" data-currency=\"&#8364;\"  class=\"current-month-day wpdevart-day available-day\"><div class=\"wpda-day-header\"><div class=\"div-for-clear\"><div class=\"wpda-day-number\">14<\/div><\/div><\/div><\/div><div data-date=\"2026-04-15\" data-dateformat=\"15.04.2026\" data-currency=\"&#8364;\"  class=\"current-month-day wpdevart-day available-day\"><div class=\"wpda-day-header\"><div class=\"div-for-clear\"><div class=\"wpda-day-number\">15<\/div><\/div><\/div><\/div><div data-date=\"2026-04-16\" data-dateformat=\"16.04.2026\" data-currency=\"&#8364;\"  class=\"current-month-day wpdevart-day available-day\"><div class=\"wpda-day-header\"><div class=\"div-for-clear\"><div class=\"wpda-day-number\">16<\/div><\/div><\/div><\/div><div data-date=\"2026-04-17\" data-dateformat=\"17.04.2026\" data-currency=\"&#8364;\"  class=\"current-month-day wpdevart-day wpdevart-booked available-day\"><div class=\"wpda-day-header\"><div class=\"div-for-clear\"><div class=\"wpda-day-number\">17<\/div><\/div><\/div><div class=\"day-availability\">Ausgebucht<\/div><\/div><div data-date=\"2026-04-18\" data-dateformat=\"18.04.2026\" data-currency=\"&#8364;\"  class=\"current-month-day wpdevart-day wpdevart-booked weekend available-day\"><div class=\"wpda-day-header\"><div class=\"div-for-clear\"><div class=\"wpda-day-number\">18<\/div><\/div><\/div><div class=\"day-availability\">Ausgebucht<\/div><\/div><div data-date=\"2026-04-19\" data-dateformat=\"19.04.2026\" data-currency=\"&#8364;\"  class=\"current-month-day wpdevart-day wpdevart-booked weekend available-day\"><div class=\"wpda-day-header\"><div class=\"div-for-clear\"><div class=\"wpda-day-number\">19<\/div><\/div><\/div><div class=\"day-availability\">Ausgebucht<\/div><\/div><div data-date=\"2026-04-20\" data-dateformat=\"20.04.2026\" data-currency=\"&#8364;\"  class=\"current-month-day wpdevart-day wpdevart-unavailable available-day\"><div class=\"wpda-day-header\"><div class=\"div-for-clear\"><div class=\"wpda-day-number\">20<\/div><\/div><\/div><div class=\"day-availability\">Keine Angabe<\/div><\/div><div data-date=\"2026-04-21\" data-dateformat=\"21.04.2026\" data-currency=\"&#8364;\"  class=\"current-month-day wpdevart-day wpdevart-unavailable available-day\"><div class=\"wpda-day-header\"><div class=\"div-for-clear\"><div class=\"wpda-day-number\">21<\/div><\/div><\/div><div class=\"day-availability\">Keine Angabe<\/div><\/div><div data-date=\"2026-04-22\" data-dateformat=\"22.04.2026\" data-currency=\"&#8364;\"  class=\"current-month-day wpdevart-day wpdevart-unavailable available-day\"><div class=\"wpda-day-header\"><div class=\"div-for-clear\"><div class=\"wpda-day-number\">22<\/div><\/div><\/div><div class=\"day-availability\">Keine Angabe<\/div><\/div><div data-date=\"2026-04-23\" data-dateformat=\"23.04.2026\" data-currency=\"&#8364;\"  class=\"current-month-day wpdevart-day wpdevart-unavailable available-day\"><div class=\"wpda-day-header\"><div class=\"div-for-clear\"><div class=\"wpda-day-number\">23<\/div><\/div><\/div><div class=\"day-availability\">Keine Angabe<\/div><\/div><div data-date=\"2026-04-24\" data-dateformat=\"24.04.2026\" data-currency=\"&#8364;\"  class=\"current-month-day wpdevart-day wpdevart-booked available-day\"><div class=\"wpda-day-header\"><div class=\"div-for-clear\"><div class=\"wpda-day-number\">24<\/div><\/div><\/div><div class=\"day-availability\">Ausgebucht<\/div><\/div><div data-date=\"2026-04-25\" data-dateformat=\"25.04.2026\" data-currency=\"&#8364;\"  class=\"current-month-day wpdevart-day wpdevart-booked weekend available-day\"><div class=\"wpda-day-header\"><div class=\"div-for-clear\"><div class=\"wpda-day-number\">25<\/div><\/div><\/div><div class=\"day-availability\">Ausgebucht<\/div><\/div><div data-date=\"2026-04-26\" data-dateformat=\"26.04.2026\" data-currency=\"&#8364;\"  class=\"current-month-day wpdevart-day wpdevart-booked weekend available-day\"><div class=\"wpda-day-header\"><div class=\"div-for-clear\"><div class=\"wpda-day-number\">26<\/div><\/div><\/div><div class=\"day-availability\">Ausgebucht<\/div><\/div><div data-date=\"2026-04-27\" data-dateformat=\"27.04.2026\" data-currency=\"&#8364;\"  class=\"current-month-day wpdevart-day available-day\"><div class=\"wpda-day-header\"><div class=\"div-for-clear\"><div class=\"wpda-day-number\">27<\/div><\/div><\/div><\/div><div data-date=\"2026-04-28\" data-dateformat=\"28.04.2026\" data-currency=\"&#8364;\"  class=\"current-month-day wpdevart-day available-day\"><div class=\"wpda-day-header\"><div class=\"div-for-clear\"><div class=\"wpda-day-number\">28<\/div><\/div><\/div><\/div><div data-date=\"2026-04-29\" data-dateformat=\"29.04.2026\" data-currency=\"&#8364;\"  class=\"current-month-day wpdevart-day available-day\"><div class=\"wpda-day-header\"><div class=\"div-for-clear\"><div class=\"wpda-day-number\">29<\/div><\/div><\/div><\/div><div data-date=\"2026-04-30\" data-dateformat=\"30.04.2026\" data-currency=\"&#8364;\"  data-available=\"10\" class=\"current-month-day wpdevart-day wpdevart-available available-day\"><div class=\"wpda-day-header\"><div class=\"div-for-clear\"><div class=\"wpda-day-number\">30<\/div><\/div><\/div><div class=\"day-availability\">10 <span class=\"day-av\">Verf\u00fcgbar<\/span><\/div><\/div><div data-date=\"2026-05-01\" data-dateformat=\"01.05.2026\" data-currency=\"&#8364;\"  data-available=\"10\" class=\"next-month-day wpdevart-day wpdevart-available available-day\"><div class=\"wpda-day-header\"><div class=\"div-for-clear\"><div class=\"wpda-day-number\">May 1<\/div><\/div><\/div><div class=\"day-availability\">10 <span class=\"day-av\">Verf\u00fcgbar<\/span><\/div><\/div><div data-date=\"2026-05-02\" data-dateformat=\"02.05.2026\" data-currency=\"&#8364;\"  data-available=\"10\" class=\"next-month-day wpdevart-day wpdevart-available weekend available-day\"><div class=\"wpda-day-header\"><div class=\"div-for-clear\"><div class=\"wpda-day-number\">May 2<\/div><\/div><\/div><div class=\"day-availability\">10 <span class=\"day-av\">Verf\u00fcgbar<\/span><\/div><\/div><div data-date=\"2026-05-03\" data-dateformat=\"03.05.2026\" data-currency=\"&#8364;\"  data-available=\"10\" class=\"next-month-day wpdevart-day wpdevart-available weekend available-day\"><div class=\"wpda-day-header\"><div class=\"div-for-clear\"><div class=\"wpda-day-number\">May 3<\/div><\/div><\/div><div class=\"day-availability\">10 <span class=\"day-av\">Verf\u00fcgbar<\/span><\/div><\/div><\/div><div class=\"wpdevart-hours-container\"  ><div class=\"wpdevart-hours-overlay\"><div class=\"wpdevart-load-image\"><i class=\"fa fa-spinner fa-spin\"><\/i><\/div><\/div><div class=\"wpdevart-hours\"><\/div><\/div><div class=\"wpdevart-booking-legends div-for-clear\"><div class=\"wpdevart-legends-available\"><div class=\"legend-text\"><span class=\"legend-div\"><\/span>-Verf\u00fcgbar<\/div><\/div><div class=\"wpdevart-legends-pending\"><div class=\"legend-text\"><span class=\"legend-div\"><\/span>-Ausgebucht<\/div><\/div><div class=\"wpdevart-legends-unavailable\"><div class=\"legend-text\"><span class=\"legend-div\"><\/span>-Keine Angabe<\/div><\/div><\/div><\/div><\/div><div class=\"wpdevart-booking-form-container \" id=\"wpdevart_booking_form_1\" ><div class=\"wpdevart-booking-form\"><form method=\"post\" class=\"div-for-clear\" enctype=\"multipart\/form-data\"><div class=\"wpdevart-check-section\"><div class=\"wpdevart-fild-item-container \">\r\n\t\t\t\t  <div class=\"wpdevart-fild-item-container\">\r\n\t\t\t\t\t\t\t<label for=\"wpdevart_form_checkin1\" class='wpdevart_form_checkin'>Check in<\/label><div class=\"wpdevart-elem-container div-for-clear\" id=\"wpdevart_wrap_form_checkin1\">\r\n\t\t\t\t  <input type=\"text\" id=\"wpdevart_form_checkin1\" name=\"wpdevart_form_checkin1\"  class='wpdevart_form_checkin' readonly value=''>\r\n\t\t\t    <\/div>\r\n\t\t     <\/div><\/div>\r\n\t\t\t\t  <div class=\"wpdevart-fild-item-container \"><div class=\"wpdevart-fild-item-container\">\r\n\t\t\t\t\t\t\t<label for=\"wpdevart_form_checkout1\" class='wpdevart_form_checkout'>Check out<\/label><div class=\"wpdevart-elem-container div-for-clear\" id=\"wpdevart_wrap_form_checkout1\">\r\n\t\t\t\t  <input type=\"text\" id=\"wpdevart_form_checkout1\" name=\"wpdevart_form_checkout1\"  class='wpdevart_form_checkout' readonly value=''>\r\n\t\t\t    <\/div>\r\n\t\t     <\/div><\/div><div class=\"wpdevart-fild-item-container\">\r\n\t\t\t\t\t\t\t\t<label for=\"wpdevart_count_item1\">G\u00e4ste<\/label><div class=\"wpdevart-elem-container div-for-clear\" id=\"wpdevart_wrap_count_item1\"><select id=\"wpdevart_count_item1\" name=\"wpdevart_count_item1\"onchange=\"change_count(this,1,'after','&#8364;')\" class=\"wpdevart_count_item\"><\/select>\r\n\t\t\t\t\t<\/div>\r\n\t\t\t\t <\/div><\/div><div class=\"wpdevart-form-section\"><div class=\"wpdevart-reserv-info\"><h4 class=\"form_title\">Reservierung<\/h4><div id=\"check-info-1\" class=\"check-info \" data-content=\"Bitte ausf\u00fchlen\">Bitte ausf\u00fchlen<\/div><\/div><h4 class=\"form_title\">Buchung<\/h4><div class=\"wpdevart-fild-item-container\">\r\n\t\t\t\t\t\t\t<label for=\"wpdevart_form_field1\" class='wpdevart-required'>Vorname<span class=\"wpdevart-required\">*<\/span><\/label><div class=\"wpdevart-elem-container div-for-clear\" id=\"wpdevart_wrap_form_field1\">\r\n\t\t\t\t  <input type=\"text\" id=\"wpdevart_form_field1\" name=\"wpdevart_form_field1\" autocomplete='off' class='wpdevart-required'  >\r\n\t\t\t    <\/div>\r\n\t\t     <\/div><div class=\"wpdevart-fild-item-container\">\r\n\t\t\t\t\t\t\t<label for=\"wpdevart_form_field2\" class='wpdevart-required'>Nachname<span class=\"wpdevart-required\">*<\/span><\/label><div class=\"wpdevart-elem-container div-for-clear\" id=\"wpdevart_wrap_form_field2\">\r\n\t\t\t\t  <input type=\"text\" id=\"wpdevart_form_field2\" name=\"wpdevart_form_field2\" autocomplete='off' class='wpdevart-required'  >\r\n\t\t\t    <\/div>\r\n\t\t     <\/div><div class=\"wpdevart-fild-item-container\">\r\n\t\t\t\t\t\t\t<label for=\"wpdevart_form_field3\" class='wpdevart-required wpdevart-email'>Email<span class=\"wpdevart-required\">*<\/span><\/label><div class=\"wpdevart-elem-container div-for-clear\" id=\"wpdevart_wrap_form_field3\">\r\n\t\t\t\t  <input type=\"text\" id=\"wpdevart_form_field3\" name=\"wpdevart_form_field3\" autocomplete='off' class='wpdevart-required wpdevart-email'  >\r\n\t\t\t    <\/div>\r\n\t\t     <\/div><div class=\"wpdevart-fild-item-container\">\r\n\t\t\t\t\t\t\t<label for=\"wpdevart_form_field4\" class='wpdevart-required'>Telefon<span class=\"wpdevart-required\">*<\/span><\/label><div class=\"wpdevart-elem-container div-for-clear\" id=\"wpdevart_wrap_form_field4\">\r\n\t\t\t\t  <input type=\"text\" id=\"wpdevart_form_field4\" name=\"wpdevart_form_field4\" autocomplete='off' class='wpdevart-required'  >\r\n\t\t\t    <\/div>\r\n\t\t     <\/div><div class=\"wpdevart-fild-item-container\">\r\n\t\t\t\t\t\t\t<label for=\"wpdevart_form_field5\">Nachricht<\/label><span class=\"wpdevart-required\">*<\/span><div class=\"wpdevart-elem-container div-for-clear\" id=\"wpdevart_wrap_form_field5\">\r\n\t\t\t\t  <textarea id=\"wpdevart_form_field5\" name=\"wpdevart_form_field5\" class=\"wpdevart-required\"><\/textarea>\r\n\t\t\t    <\/div>\r\n\t\t     <\/div><button type=\"submit\" class=\"wpdevart-submit\"  id=\"wpdevart-submit1\" name=\"wpdevart-submit1\">Buchen<i class=\"fa fa-spinner fa-spin\"><\/i><\/button><\/div><input type=\"hidden\" class=\"wpdevart_extra_price_value\" id=\"wpdevart_extra_price_value1\" name=\"wpdevart_extra_price_value1\" value=\"\"><input type=\"hidden\" class=\"wpdevart_total_price_value\" id=\"wpdevart_total_price_value1\" name=\"wpdevart_total_price_value1\" value=\"\"><input type=\"hidden\" class=\"wpdevart_price_value\" id=\"wpdevart_price_value1\" name=\"wpdevart_price_value1\" value=\"\"><input type=\"hidden\" class=\"wpdevart_sale_type\" id=\"wpdevart_sale_type1\" name=\"wpdevart_sale_type1\" value=\"\"><input type=\"hidden\" name=\"id\" value=\"1\"><input type=\"hidden\" name=\"task\" value=\"save\"><\/form><\/div><\/div><\/div>","protected":false},"excerpt":{"rendered":"<p>F\u00fcr Familienurlaub oder Urlaub mit Freunden bieten wir Ihnen 27 \u00dcbernachtungsm\u00f6glichkeiten in unserem Ferienhaus in Unterjoch, einem Ortsteil von Bad Hindelang. Das Ferienhaus ist ein&nbsp;Selbstversorger- und Gruppenhaus. Es steht sowohl Mitgliedern, als auch Nichtmitgliedern zur Verf\u00fcgung. F\u00fcr Terminabsprachen steht Ihnen unsere Gesch\u00e4ftsstelle zur Verf\u00fcgung.<\/p>\n","protected":false},"author":1,"featured_media":0,"parent":0,"menu_order":0,"comment_status":"closed","ping_status":"open","template":"","meta":{"footnotes":""},"class_list":["post-2","page","type-page","status-publish","hentry"],"_links":{"self":[{"href":"http:\/\/ferienhaus.tsg-augsburg.de\/index.php?rest_route=\/wp\/v2\/pages\/2","targetHints":{"allow":["GET"]}}],"collection":[{"href":"http:\/\/ferienhaus.tsg-augsburg.de\/index.php?rest_route=\/wp\/v2\/pages"}],"about":[{"href":"http:\/\/ferienhaus.tsg-augsburg.de\/index.php?rest_route=\/wp\/v2\/types\/page"}],"author":[{"embeddable":true,"href":"http:\/\/ferienhaus.tsg-augsburg.de\/index.php?rest_route=\/wp\/v2\/users\/1"}],"replies":[{"embeddable":true,"href":"http:\/\/ferienhaus.tsg-augsburg.de\/index.php?rest_route=%2Fwp%2Fv2%2Fcomments&post=2"}],"version-history":[{"count":20,"href":"http:\/\/ferienhaus.tsg-augsburg.de\/index.php?rest_route=\/wp\/v2\/pages\/2\/revisions"}],"predecessor-version":[{"id":329,"href":"http:\/\/ferienhaus.tsg-augsburg.de\/index.php?rest_route=\/wp\/v2\/pages\/2\/revisions\/329"}],"wp:attachment":[{"href":"http:\/\/ferienhaus.tsg-augsburg.de\/index.php?rest_route=%2Fwp%2Fv2%2Fmedia&parent=2"}],"curies":[{"name":"wp","href":"https:\/\/api.w.org\/{rel}","templated":true}]}}